 128 = 0. Let z(j) = -1030*j - 119. Is z(v) composite?
False
Let j = 9323 - 5773. Let s = j + -2290. Suppose -1667 = -4*x - 2*m - m, 0 = -3*x + m + s. Is x prime?
True
Let p = 919417 + -601830. Is p composite?
False
Is (252/35 - (-91)/(-13))/(1/23915) a composite number?
False
Let f be 1 - 2832/(1 - 3). Suppose 3*q = q + 3*y + f, -5*q + y = -3575. Suppose -4*o + 7 - 3 = 0, -2*g + 2*o + q = 0. Is g a prime number?
True
Let n(g) = 82*g + 6. Let x = -11 + 20. Let f be n(x). Let w = 1187 - f. Is w composite?
False
Let n be 26/6 + (-10)/(-15). Suppose n*g - 791 = 5*x + 179, -x = 4*g - 771. Suppose -g = -2*z + 165. Is z composite?
False
Let u = 282 - -220. Let g = u + -312. Is 93270/g + (-2)/(-19) prime?
True
Let s(d) = 34*d**3 + 2*d**2 - 2*d - 3. Let k be s(-1). Let q = 37 + k. Suppose -q*z + 7036 - 1280 = 0. Is z prime?
True
Let u be (-4)/(-3) + (-228)/(-18). Suppose -9621 = 5*x - u*x. Is x a prime number?
True
Suppose 6*j - 3*j = 5*z - 19, -3*j + 3*z = 9. Suppose 5*k + 55 = j*v, -4*v = k + v + 11. Let a(o) = -o**2 - 24*o - 16. Is a(k) a prime number?
True
Suppose 2*v - 5 = -11. Let r be (-24)/(-30) + 11/55. Is 9/v - (-2187 + r) a prime number?
False
Let h = 57 + 747. Let j(p) = 1416*p**2 - p + 2. Let x be j(1). Let a = x - h. Is a a composite number?
False
Let y(k) = 62*k**2 - 4*k - 2. Let u be y(5). Suppose 26*r - u = 22*r. Suppose -5*b = -3*b - r. Is b a composite number?
False
Let o = -6268 + 27537. Is o prime?
True
Let f be -4 + 8 + -3 - 29. Let h = f + 29. Is h/(-6) + (-139441)/(-114) composite?
False
Let l(i) be the third derivative of -i**6/120 - 11*i**5/60 + 17*i**4/12 + 19*i**3/6 - 10*i**2 - 2. Is l(-14) composite?
False
Let y = 263601 - 123958. Is y prime?
False
Let g = -154464 - -231726. Suppose 12*h + 13050 - g = 0. Is h a composite number?
False
Let s = -30703 - -46760. Is s a composite number?
False
Let m be -3*14/(-6) + 1. Suppose m*g = 493 + 2019. Let n = g + -103. Is n a composite number?
False
Let h(s) = -7*s - s**2 - 7 - 5*s**2 - 6*s**3 + 1 + 1. Is h(-6) prime?
True
Suppose 2*i - 4*i = -2*o - 50154, -2*i + 5*o = -50166. Suppose 56113 + i = 6*d. Is d prime?
False
Let a(x) = -x + 1. Let z(g) be the first derivative of -3*g**2 + 63*g - 25. Let s(m) = -5*a(m) - z(m). Is s(29) a composite number?
False
Suppose 26*h + 35*h - 64680923 = 0. Is h composite?
False
Let f(y) = 458*y**2 + 41*y + 124. Is f(-5) composite?
False
Suppose 0 = 2*d - 8*d - 12. Is (1166/(-44))/(d/596) a composite number?
True
Let r(i) = -i**2 - 14*i - 19. Let f be r(-11). Let b be f/(-77) - -1*(-4296)/(-33). Let n = -63 + b. Is n composite?
False
Suppose -3*q + 66316 = g, -2*q - 30106 = -4*g - 74340. Suppose 512*a = 515*a - q. Is a prime?
True
Suppose 0 = -z + 3*t - 0*t - 73, -356 = 4*z + 4*t. Let d = 872 + z. Is d composite?
False
Let d(c) = 1473*c + 111. Let l be d(6). Suppose 4*k + k = 4*y - l, -2*y - 4*k = -4442. Is y composite?
True
Let f = -5801 - -19483. Is f prime?
False
Suppose 0 = -8*j + 5*j + 9. Let t be (j - 9)*(-2)/3. Suppose b = -4*k + 2344, -4*k - t*b = -6*k + 1190. Is k a composite number?
False
Let p be 4/(-1 - (-7)/3). Let f be (-7)/(-4) - (-2)/8. Suppose -3*i = 3, 518 + 246 = p*d - f*i. Is d a composite number?
True
Suppose 2*a - 4 + 3 = -3*i, 2*a + 4*i = 0. Suppose -a*p - 4*x + 2 = 0, -4*p - p + 2*x = 7. Let f(l) = 1799*l**2 - 7*l - 5. Is f(p) a composite number?
False
Let o = 20 - 17. Suppose o*w = 6, 2*i + 4*w - 426 = 2*w. Is i a composite number?
False
Is (-13898799)/(24 - 41 - -8) a composite number?
False
Let l = 41832 + -21859. Is l prime?
True
Let p be (-347 + 0)/((-20)/15 + 1). Let g = -410 + p. Is g prime?
True
Let l(a) = 14165*a + 537. Is l(1) prime?
False
Let i(t) = t**2 - 8*t + 3. Let m be i(7). Is -1*-2099*(-3 - m) composite?
False
Let t(x) = -317 + x**3 + 35*x**2 - 359 + 7*x + 557 - 65*x. Is t(-36) prime?
True
Suppose 10 = 6*j - 4*j. Suppose -h - j*h = -342. Suppose -5*s + 2*s = -h. Is s composite?
False
Let z(j) = 6299*j**2 + 6*j. Let s be z(2). Suppose 4*i - s = -3*d, -2*i + 2397 + 10189 = -3*d. Is i a composite number?
False
Suppose 5*v - 4*j = 2231441, 0 = -241*v + 236*v - j + 2231471. Is v composite?
False
Suppose m - 9246 = -2*g, -4*g + 18472 = -78*m + 75*m. Is g prime?
True
Let f = -305 - -310. Suppose 4*z = f*u + 298 - 3011, 2*u + 5*z = 1072. Is u a composite number?
False
Let v(b) = -1800*b**3 - 6*b**2 - 10*b - 1. Is v(-6) a prime number?
False
Suppose i + 370 = -84. Let b = -331 - i. Is b prime?
False
Let c(j) = -3*j**3 - 13*j**2 + 6*j + 12. Let h be c(11). Let v = 3569 - h. Is v prime?
False
Let s(w) = 2*w**2 + 28*w + 17. Suppose -12*u + 52 = -14*u. Is s(u) prime?
True
Suppose 0 = 21*q - 16*q + 45. Is 12286*(-4)/(-48)*(-3 - q) prime?
True
Let n(l) = 80*l**2 + 9*l - 250. Is n(19) a composite number?
True
Suppose -103*z + 83787 - 74654 + 237140 = 0. Is z a composite number?
True
Suppose 89*m = 37861844 - 194997. Is m composite?
True
Suppose -j + 11 = -0*j + 2*a, a = 5*j - 22. Suppose 0 = -4*t - 4*h + 1256, j*t + 2*h = 7*h + 1520. Let g = t - 118. Is g prime?
True
Suppose -2815105 - 1103209 = -89*n. Is n prime?
False
Let m(i) = 6774*i - 1397. Is m(7) composite?
False
Let o(d) = 3015*d - 461. Is o(26) prime?
True
Is -2 + (-112)/(-44) - 37995877/(-209) a composite number?
True
Suppose 7*w = -w + 24. Suppose b - 1733 = 7*y - 2*y, w*y - 5199 = -3*b. Is b prime?
True
Let f = -127 - -132. Suppose -p + 1052 = 4*o, 0*p + 1052 = 4*o - f*p. Is o a prime number?
True
Let q(p) be the third derivative of -p**6/120 - 2*p**5/15 - 11*p**4/24 + p**3/3 + 12*p**2. Let b be q(-6). Is (-402)/(-1 - (5 + b)) a composite number?
True
Suppose -3*w + 7*d = 10*d - 712716, 0 = -3*w + 3*d + 712710. Is w composite?
False
Let l(m) = -m**2 + 4*m - 1. Let g(a) = a**3 + a**2 - 5*a. Let b = -28 + 24. Let s(p) = b*l(p) - 3*g(p). Is s(-5) prime?
True
Let f(m) = -635*m - 184. Suppose 87 = 12*s + 195. Is f(s) prime?
True
Let a = -6510 - -12491. Is a a composite number?
False
Suppose 0 = -5*x - 3938 + 20868. Is x composite?
True
Is (176518/8)/(-14 - -39*(-52)/(-144)) a composite number?
True
Let n be 4/(-18) + (-9752)/18. Let k be 4/8*(-13622)/(-7). Let j = n + k. Is j prime?
True
Suppose 63*f - 463425 = -54996. Is f composite?
True
Suppose -1211*c + 23123 = -1210*c. Is c a composite number?
True
Let f(r) = -417*r + 62 + 46 - 66. Is f(-3) composite?
True
Let n(s) = 326*s**2 + 3*s - 2. Let p(v) = v**3 + 9*v**2 + 14*v + 1. Let a be p(-7). Let q be n(a). Suppose -13*r = -10*r - q. Is r a prime number?
True
Suppose -11*y = -9*y - 5*a + 14, -y - 12 = -5*a. Is 1*(2/(-3))/(y/1191) prime?
True
Suppose 422*w - 623934 = 404*w. Is w a composite number?
True
Suppose 2*w = -0*w - 1264. Suppose 7950 = 54*i - 50*i + y, 3*i - 5955 = -2*y. Let v = w + i. Is v composite?
True
Let b be -2 - 2 - 8/((-40)/(-47255)). Let h = 13554 + b. Is h prime?
True
Let u = -94 + 86. Let j be -2 + 2 - (9 + u). Is j + (-3767 + -1)/(-4) a prime number?
True
Let j = -19921 + 36830. Suppose 5*g = -0*h - 2*h + j, 0 = h + 5*g - 8442. Is h prime?
True
Let l(f) = 2112*f - 61. Let d(g) = 7*g**2 + 22*g + 9. Let w be d(-3). Is l(w) prime?
True
Let p(y) = y**3 - 13*y**2 - 15*y + 17. Let x be p(14). Suppose 2*l - 9 = -x*n, 3*n = n - 5*l + 6. Suppose -66934 = -17*z + n*z. Is z composite?
True
Let p be (-20459)/(-6) + -3 + 9/54. Is (-3 + 1)/((-2)/p) composite?
False
Let n(q) = -2633*q**3 + 5*q**2 - 130*q - 403. Is n(-3) prime?
False
Let n = -20 - -25. Suppose -p + 6616 = 2*v - 3*p, 3*v - 9920 = 5*p. Suppose 0 = -n*s + 10*s - v. Is s a composite number?
True
Let z be (-1 + -567)*5/((-20)/36). Suppose -z = 12*v - 34140. Is v composite?
True
Let v = 8607 + 15357. Let n = -16746 + v. Is -2*n/12*(-6)/9 composite?
True
Let o(q) = 6659*q**2 - 5*q - 51. Is o(4) composite?
True
Suppose -2*w + 11 = -5*n, 9 = 2*w + 2*n + 19. Is w/(-3)*(1567 - 4) composite?
True
Suppose 0 = 11*j - 35 - 75. Let z(f) be the second derivative of f**5/20 - 3*f**4/4 - 4*f**3/3 - 3*f**2 + 2*f. Is z(j) composite?
True
Let z(k) be the first derivative of k**3 - 44*k - 73. Is z(-11) composite?
True
Let s = 1194922 + -67871. Is s a composite number?
False
Let b = -3336 - -13652. Suppose -b = 29*n - 33*n. Is n a composite number?
False
Suppose 6*w + u - 16960 = 7*w, 4*w - u = -67846. Let o = w - -37525. Is o a composite number?
False
Suppose -5*m 